t i be f(12). Let t be s(i). Let g = 87 - t. Determine w(g).
7
Let w(j) = 31821*j**2 + 3 + 6 + j**3 + 4 - 31804*j**2 - 2*j. Give w(-17).
47
Suppose 10*p = -51 - 147 - 12. Let a(x) = -x - 27. Determine a(p).
-6
Suppose -352*i - 18 = -348*i - 2. Let c(y) = 5*y**3 - 9*y**2 + 4*y - 1. Let o(q) = q**3 - q**2 - 1. Let t(l) = -c(l) + 6*o(l). Calculate t(i).
-5
Suppose 0 = d - 2*z - 33, 4472*d - 4476*d - 4*z - 48 = 0. Let l(t) = -5*t + 1 + 0 - 3*t**2 + t**3 + 2. What is l(d)?
-12
Let t(z) be the second derivative of -9*z**2 + 3/2*z**3 + 1/24*z**4 - 14*z + 0. Let i(k) be the first derivative of t(k). Determine i(8).
17
Let y(t) = -t**3 - 7*t**2 - 8*t + 11. Let a = 171 + -172. Let w(h) = -h**3 - h**2 - h + 1. Let b(o) = a*y(o) + 2*w(o). Let u = 2 - -4. What is b(u)?
-9
Let l(v) = 25*v. Suppose 0 = -4*d + 14*d - 30. Suppose 9*b - 8*b = d. Suppose z + 5 = y - 3*y, 0 = -b*z + 4*y + 15. What is l(z)?
25
Let v be (-2)/(-4)*(19 + 1). Let c(a) = -a**2 + 125*a + 12. Let q(z) = -23*z. Let y(i) = c(i) + 5*q(i). Calculate y(v).
12
Let u(d) = -2*d**2 - 21*d + 19. Suppose 4*b + 150 = -11*b. Give u(b).
29
Let m be (-46)/(-6) - 22/33. Let s be 5 - (5*2 + m + -7). Let p(k) be the second derivative of k**3/6 + 3*k**2 + 2*k. What is p(s)?
1
Let j(f) = f**2 - 9*f - 6. Let b be 3872/(-26) + (-37)/481. Let p = 159 + b. What is j(p)?
4
Let j(y) = -y**3 - 2*y**2 + 2*y + 1. Let s(n) = -418*n - 1257. Let z be s(-3). Determine j(z).
4
Suppose -1376 = -4*h + 4*w, -2*h + 3*w + 799 - 114 = 0. Suppose -h = -4*t - 307. Let f(q) = -q - 5. Calculate f(t).
-15
Let j(u) = -2*u**2 + 63*u + 1. Let p(a) = 7*a. Let d(i) = -j(i) + 9*p(i). What is d(0)?
-1
Let n = -490 + 486. Let t = -39 + 36. Let q(l) = 2*l**2 + l + 2. Let h(b) = -b**2 - 1. Let f(a) = t*h(a) - q(a). Determine f(n).
21
Suppose 7 = -3*t - 8. Let b(n) = n**2 + 4*n + 5. Let v be b(t). Suppose q - r = -v, 4*q = -2*r - 3*r - 4. Let p(u) = u**3 + 5*u**2 - 4*u + 8. Determine p(q).
-4
Let m(y) = 7 + 96*y - 2 + 111*y + 0 - 188*y + 2*y**2. What is m(-9)?
-4
Suppose 0 = -7*n - 8*t + 9*t - 16, 4*t + 8 = 4*n. Let v(p) be the second derivative of p**5/20 + p**4/3 - p**3/2 - p**2/2 - p. Calculate v(n).
17
Let l = 452 + -448. Suppose -7*n + l*n + 1 = 5*b, 6 = 3*b. Let a(k) = k**3 + 2*k**2 + 3. What is a(n)?
-6
Let a(k) = -2*k**3 + 3*k - 1. Let q(t) = -t**2 - 10*t + 5. Let d be q(-9). Let z be ((-8)/d)/(-5 - (-132)/28). Calculate a(z).
-11
Let h(u) = -16 + 0 - 4*u**3 - 40711*u**2 + 8*u + 0*u**3 + 3*u**3 + 40717*u**2. Determine h(5).
49
Let x(r) = 95*r**2 + 3*r - 2. Let l be x(1). Let s be (2/(-4) - -1)/(8/l). Let c be (s/18)/((-3)/45). Let k(i) = i**3 + 5*i**2 - 7*i - 7. What is k(c)?
28
Suppose 0 = 18*b + 303 - 15. Let q(t) = -t**3 - 16*t**2 - 2*t - 42. Let g be q(b). Let j(s) = 2*s - 4. Give j(g).
-24
Let s(o) be the third derivative of -o**5/30 - o**3/3 + 6*o**2. Let d be 36/60 - 81/(-10)*-6. Let w = 50 + d. Determine s(w).
-10
Let l(h) = -29*h**3 - 74*h**2 + 11*h - 25. Let w(a) = -7*a**3 - 18*a**2 + 3*a - 6. Let j(x) = -6*l(x) + 25*w(x). Let c(r) = r - 4. Let t be c(-3). What is j(t)?
-14
Let z(i) = i**2 - 7*i + 2. Let x(n) = 5*n - 2. Let m be x(-2). Let p be 7 - (m/4 + 3 - 2). Give z(p).
20
Let h(c) = -3*c**2 + 4*c - 26. Let w(f) = -2*f**3 + 24*f**2 - 2*f + 30. Let r be w(12). Determine h(r).
-110
Let c(q) = 3*q**2 - q + 4. Let a be c(3). Let h(t) = -4*t - 6*t + 5 + a*t - 14*t. What is h(-3)?
-7
Suppose -702*b + 14 = -4*s - 704*b, -4*s + 2*b = -22. Let g(c) be the third derivative of -c**4/12 + c**3/6 - c**2. Calculate g(s).
-1
Let u(t) = 0*t - 5 - 5 - 6 - t. Let o = -1078 - -1068. Give u(o).
-6
Let o be (10/35)/(216/42 - 5). Let c(v) be the first derivative of -13*v**2 - v - 3. Let w(p) = -5*p. Let t(l) = -2*c(l) + 11*w(l). What is t(o)?
-4
Let i(g) = g**3 - 15*g**2 - 6*g - 28. Let q be i(16). Let m(t) = -q*t - 126*t + 256*t + 4. Let h(a) = a**2 + 6. Let z be h(0). Give m(z).
-8
Let w(j) be the third derivative of -j**4/6 + j**3/6 + 13*j**2 + 38. Determine w(9).
-35
Let w be -5*15 - -4*(-50)/(-40). Let y be 6/(-15) - (-252)/w. Let i(m) = -m**3 - 3*m**2 + m - 2. Calculate i(y).
10
Let w(f) = -f**2 + 8*f + 2. Let c(m) = -m**2 + 7*m + 2. Let b be 31/62*2*-4. Let v(o) = b*w(o) + 5*c(o). What is v(2)?
4
Let p = 126 + -118. Suppose p*l + 9*l + 85 = 0. Let s(u) = u + 11. Let c(h) = -1. Let k(f) = -2*c(f) - s(f). Calculate k(l).
-4
Let d(w) = 56*w**2 - 9*w + 12. Let k(j) = -11*j**2 + j - 1. Let s(v) = d(v) + 5*k(v). What is s(5)?
12
Let l = -3437 + 3431. Let s(i) = 6*i + 10. What is s(l)?
-26
Suppose -5 = 461*p - 456*p. Let y = 13 - 11. Let d(b) = -7*b**2 + 2*b + 0*b**2 + b**y + 1. Give d(p).
-7
Let q(i) = -i - 1. Let m(z) = 4*z + 3. Let x(a) = 2*m(a) + 7*q(a). Let v be x(3). Let t(h) = 3*h + v*h**2 - h**3 + 5 + h**2 - 2. Determine t(4).
-1
Let z be (-16506)/1008 - (-6)/16. Let h(o) = o**2 + 18*o + 32. What is h(z)?
0
Let c = 10 - -2. Let q(s) = 2*s - 23. Let w(n) = -n + 12. Let r(f) = -6*q(f) - 11*w(f). What is r(c)?
-6
Let i(p) = 59*p**2 - 61*p - 17. Let n(b) = 31*b**2 - 33*b - 9. Let l(u) = -8*i(u) + 15*n(u). What is l(-4)?
-83
Let w(c) be the second derivative of -c**4/6 + 3*c**3 - 7*c**2/2 + 4436*c. Calculate w(4).
33
Let x(s) = 17*s**3 - 6*s**2 + 3*s - 2. Let m(v) = -130*v + 6242. Let o be m(48). What is x(o)?
116
Let s(q) = -7*q**3 + q**2 - 16*q + 105. Let f(z) = 20*z**3 + 47*z - 316. Let y(u) = -6*f(u) - 17*s(u). Calculate y(-16).
15
Let u(y) be the third derivative of y**6/120 - 2*y**3/3 - 1390*y**2. What is u(0)?
-4
Let j(m) be the second derivative of -19*m**3/6 + 29*m**2/2 + 8*m - 319. What is j(2)?
-9
Suppose 451 = -18*f + 7*f. Let x = f + 65. Let w be (25/(-10))/(2/x*-5). Let c(l) = -l + 4. Give c(w).
-2
Let i(o) = -o**2 + 12*o + 177. Let c be (-552)/136*1 + 4 - (-358)/17. Give i(c).
-12
Let u be 0/((-1 + (5 - 3))*-1). Let s be 8 + (3 - 9) - (u + 4). Let y(w) = w. What is y(s)?
-2
Let m(p) = 4*p + 5. Let s(q) = -4*q - 4. Let z(k) = 5*m(k) + 6*s(k). Let i be ((-8)/(-12) + 0)*6. Let u be 24/16*i/(-6). Calculate z(u).
5
Let t(j) = 190 - 746 + 181 - j - j**2 + 184 + 193. Suppose -5*y = -4*y - 6. What is t(y)?
-40
Let i = -2355 + 2344. Let x(r) = -r**3 - 10*r**2 + 12*r + 16. Calculate x(i).
5
Let w be (-22 - -11) + (-7 - (-4 - -2)). Let i(c) = -6*c - 15. What is i(w)?
81
Let s(h) = -h**2 - 3 - 2936565*h - 1 + 2936578*h. What is s(14)?
-18
Let f(k) = 5*k**3 + 3*k**2 + 6*k + 15. Let y(s) = s**3 - s**2 - s - 4. Let n(w) = -f(w) - 4*y(w). Determine n(1).
-9
Let c(q) = q**2 + 5*q - 2. Let f(b) = -16 + 14 - 2*b**2 - 9*b + 5. Let d(n) = 7*c(n) + 4*f(n). Calculate d(-1).
-2
Let i = -21 - -21. Let y(z) = 2*z + 2. Let q be y(i). Let c(f) = 0*f - 3*f + q*f + f**2. Determine c(4).
12
Let o(n) = -n**3 - 4*n**2 + 3*n - 10. Suppose 501 - 294 = 3*g. Suppose -24 = -9*b - g. Determine o(b).
0
Let f(x) be the second derivative of -x**5/20 - x**4 - 7*x**3/6 + 5*x**2 + 902*x. Give f(-11).
-34
Let k(g) be the second derivative of -g**5/20 - g**4/3 + 13*g**3/6 + 5*g**2/2 - g - 248. Calculate k(-5).
-35
Let g(k) = 15*k**2 - 169*k - 13. Let l(h) = 13*h**2 - 150*h - 12. Let d(z) = -7*g(z) + 8*l(z). Determine d(-13).
47
Let s(j) be the first derivative of j**4/4 + 11*j**3/3 - 11*j**2/2 + 17*j - 112. Let k be s(-12). Let z(t) = -t**3 + 4*t**2 + 7*t + 2. What is z(k)?
12
Suppose n = 3*j - 3 - 9, 0 = 3*j - 3. Let c(g) be the third derivative of -g**5/60 - 5*g**4/12 - 2*g**3 - 2*g**2 - 45*g. Give c(n).
-3
Suppose 13 = 9*v - 5. Let q be v/(-9) + -8*(-15)/54. Let r(j) = j**2 + 4 - 2 + 0*j**2 + 0*j**3 - 2*j**3. Calculate r(q).
-10
Let a(d) = -82*d**2 - 4*d + 22. Let k(q) = -73*q**2 - 4*q + 21. Let o(h) = -8*a(h) + 9*k(h). What is o(3)?
-8
Let k(j) be the first derivative of -1/4*j**4 + 1/3*j**3 + 26*j + 28 + 1/2*j**2. Give k(0).
26
Let b(r) = -15 + 5 + 7 + 8 + 12*r. Let u(z) = 9*z + 5. Let f(i) = 5*b(i) - 6*u(i). Give f(-5).
-35
Let x(f) = -9*f + 2. Let y(j) = 44*j - 21. Let l(h) = 20*x(h) + 4*y(h). Calculate l(-8).
-12
Let b(j) be the first derivative of 7*j**4/4 + j**3/3 - j + 1. Let u = 21018 + -21019. What is b(u)?
-7
Let g(t) = 3*t + 43 + 46 - 141 + t + 41. Determine g(5).
9
Let j(s) be the third derivative of -s**6/120 + s**5/15 + s**4/6 + s**3/6 - 78155*s**2. Let d = -5 - -9. Determine j(d).
17
Let o(n) = -n**3 - 5*n**2 - 417*n - 1244. Let f be o(-3). Let q(